culate the greatest common divisor of 490854 and 348.
174
What is the greatest common factor of 38395 and 455?
35
What is the greatest common divisor of 188276 and 24?
4
Calculate the highest common divisor of 74 and 1030006.
74
Calculate the greatest common factor of 5 and 585085.
5
Calculate the highest common divisor of 1561287 and 399.
399
Calculate the greatest common factor of 42332 and 4.
4
Calculate the greatest common divisor of 14 and 45090.
2
What is the greatest common divisor of 31671 and 851?
23
Calculate the highest common divisor of 62918 and 11966.
386
What is the highest common factor of 111981 and 21027?
489
Calculate the highest common factor of 506 and 74.
2
Calculate the highest common factor of 8848 and 2048.
16
Calculate the greatest common divisor of 132 and 124828.
44
Calculate the highest common divisor of 13022 and 4114.
34
Calculate the highest common divisor of 744 and 13578.
186
What is the greatest common divisor of 110 and 2440130?
110
Calculate the greatest common divisor of 5616 and 58680.
72
What is the highest common factor of 221445 and 2664?
333
What is the greatest common divisor of 184932 and 198?
198
What is the greatest common divisor of 58491 and 3492?
873
What is the greatest common factor of 2408 and 10234?
602
Calculate the highest common divisor of 21669 and 34251.
699
What is the greatest common divisor of 62361 and 36?
9
Calculate the highest common divisor of 50 and 125650.
50
What is the highest common divisor of 161360 and 2960?
80
Calculate the greatest common divisor of 88 and 255992.
88
What is the greatest common factor of 6012736 and 64?
64
What is the highest common divisor of 42 and 393323?
7
Calculate the highest common divisor of 18 and 193437.
9
What is the greatest common factor of 102852 and 2?
2
What is the highest common divisor of 91 and 14092?
13
What is the highest common divisor of 382501 and 19589?
1031
Calculate the greatest common divisor of 1956 and 888.
12
Calculate the greatest common divisor of 42068 and 52.
52
What is the highest common factor of 135 and 47160?
45
What is the highest common factor of 84 and 5955824?
28
What is the highest common factor of 51338 and 532?
266
Calculate the greatest common divisor of 14042 and 1904.
238
What is the highest common factor of 1168 and 17155?
73
Calculate the highest common factor of 449736 and 840.
168
Calculate the highest common divisor of 20 and 7475660.
20
What is the highest common factor of 362957 and 2261?
133
Calculate the greatest common divisor of 11417 and 294.
49
What is the greatest common factor of 1672405 and 673?
673
What is the highest common factor of 2592 and 23776?
32
Calculate the greatest common factor of 1408 and 7664.
16
Calculate the greatest common factor of 414915 and 10149.
597
What is the highest common divisor of 113522 and 620?
62
Calculate the highest common factor of 9017 and 71.
71
Calculate the greatest common factor of 68432 and 17563.
91
Calculate the greatest common factor of 338071 and 470.
47
What is the greatest common factor of 1576996 and 4?
4
What is the greatest common divisor of 1800420 and 37?
37
What is the greatest common factor of 121958 and 136?
34
What is the highest common divisor of 13 and 3928?
1
What is the highest common divisor of 950 and 100?
50
Calculate the highest common divisor of 91 and 33761.
91
Calculate the highest common factor of 598 and 20631.
299
Calculate the highest common divisor of 1098 and 1060302.
366
Calculate the greatest common factor of 1557992 and 8.
8
Calculate the highest common factor of 9584 and 48.
16
What is the highest common divisor of 972 and 102?
6
What is the highest common divisor of 435851 and 507?
169
What is the highest common factor of 51660 and 903?
21
Calculate the highest common factor of 196 and 23618.
98
What is the highest common divisor of 1579430 and 590?
590
What is the highest common factor of 68 and 17876?
4
What is the highest common factor of 14158 and 76?
2
What is the highest common factor of 3182 and 4033?
37
Calculate the highest common divisor of 47 and 468449.
47
What is the highest common divisor of 16864 and 187?
17
Calculate the highest common factor of 56364 and 112.
28
Calculate the greatest common divisor of 259710 and 66.
66
Calculate the highest common divisor of 45500 and 2450.
350
Calculate the greatest common divisor of 147 and 757722.
21
Calculate the greatest common divisor of 2623 and 6407.
43
Calculate the greatest common divisor of 43850 and 250.
50
Calculate the greatest common divisor of 816276 and 12.
12
What is the greatest common factor of 1740 and 1164?
12
What is the highest common divisor of 1260484 and 724?
724
What is the greatest common factor of 15851 and 89342?
1441
What is the greatest common factor of 38718 and 85562?
478
What is the greatest common factor of 32868 and 5940?
396
What is the greatest common divisor of 1275 and 459?
51
What is the highest common factor of 9568 and 1242?
46
Calculate the highest common divisor of 6 and 92594.
2
What is the highest common divisor of 1 and 129061?
1
What is the highest common divisor of 1 and 10979?
1
Calculate the highest common factor of 20 and 12029120.
20
Calculate the greatest common divisor of 5908 and 672.
28
What is the highest common divisor of 608 and 44192?
32
What is the highest common factor of 1305813 and 456?
57
What is the highest common divisor of 500 and 17625?
125
What is the greatest common factor of 979 and 154?
11
What is the greatest common factor of 36 and 47484?
36
Calculate the greatest common divisor of 72239 and 58.
29
What is the highest common factor of 280 and 1823710?
70
Calculate the highest common factor of 8874 and 75690.
522
What is the greatest common factor of 13248 and 832?
64
Calculate the highest common divisor of 3308 and 5628.
4
Calculate the highest common divisor of 14 and 514738.
14
Calculate the greatest common factor of 264 and 386848.
88
What is the greatest common factor of 8600 and 71724?
172
Calculate the greatest common factor of 490820 and 935.
55
Calculate the greatest common divisor of 3048 and 7493.
127
What is the highest common factor of 120 and 5430?
30
Calculate the highest common factor of 302685 and 425.
85
What is the greatest common divisor of 759011 and 11?
11
What is the highest common divisor of 400 and 5680?
80
Calculate the highest common factor of 91966 and 154.
14
What is the highest common divisor of 2793 and 33991?
19
What is the highest common divisor of 26286 and 1911?
39
What is the greatest common factor of 64 and 266568?
8
Calculate the greatest common factor of 9152 and 10780.
44
What is the highest common divisor of 13027 and 49?
7
What is the highest common divisor of 1029 and 8575?
343
Calculate the highest common factor of 11792 and 1179937.
737
What is the highest common factor of 73048 and 23?
23
Calculate the greatest common factor of 116706 and 13946.
734
Calculate the greatest common factor of 589124 and 682.
62
What is the highest common factor of 12270 and 90?
30
Calculate the highest common divisor of 584212 and 76.
76
What is the highest common factor of 177714 and 162?
162
What is the highest common factor of 130 and 71790?
10
Calculate the greatest common factor of 34210 and 20.
10
Calculate the highest common divisor of 22 and 236038.
22
What is the highest common factor of 31422 and 42?
6
Calculate the greatest common divisor of 59438 and 7101.
263
Calculate the highest common divisor of 32373 and 423.
9
What is the greatest common divisor of 183032 and 16700?
668
Calculate the highest common factor of 4200375 and 207.
69
Calculate the greatest common divisor of 225648 and 144.
144
What is the greatest common divisor of 35953 and 5024?
157
What is the greatest common divisor of 424 and 514206?
106
Calculate the highest common factor of 15488 and 469480.
968
Calculate the highest common divisor of 272167 and 14.
7
Calculate the greatest common divisor of 65965 and 474.
79
What is the highest common factor of 12027 and 21?
3
Calculate the highest common factor of 96 and 408088.
8
Calculate the highest common factor of 4649160 and 2385.
795
What is the highest common factor of 488 and 388570?
122
What is the greatest common factor of 